Let b = -101 - -62. What is the units digit of (-1)/2 + b/(-6)?
6
Suppose a - 34 = -2*p, 0*a + a - 3*p = 19. What is the tens digit of a?
2
Let i = 73 + -41. What is the units digit of i?
2
Suppose v = -0*v. Suppose v = -2*g - 2*g + 16. Let c = 8 - g. What is the units digit of c?
4
Let v(l) = -l**2 - 9*l + 12. What is the units digit of v(-10)?
2
Let b(t) = t**3 - 7*t**2 + t - 10. Let w be b(7). Let l = w + 3. Suppose 0 = 4*y + 2*k - 8, l*y - 4*y - 5*k + 2 = 0. What is the units digit of y?
3
Let i = 53 - -116. What is the units digit of i?
9
Suppose 45 = -2*w + 175. What is the tens digit of w?
6
What is the tens digit of (10/(-35) - -2)*(149 - 2)?
5
Let r(z) = z**2 + z. Let s(k) = k**3 + 4*k**2 + 5. Let l(b) = -2*r(b) - s(b). What is the units digit of l(-6)?
7
Suppose -5*a + 20 = 0, 3*n + a = -0*n + 154. What is the units digit of (-4)/5*n/(-4)?
0
Let g = 182 - 95. Suppose -g = -5*h + 48. What is the units digit of h?
7
Let a(n) = -5*n - n**3 - 5 + 2*n**3 + 0 + 5*n**2. What is the tens digit of a(-4)?
3
Let b(q) = q**3 + 12*q**2 - 15*q - 2. Suppose 2*f - 4*v = 4*f + 18, 0 = 5*f + v + 63. What is the units digit of b(f)?
4
Let p(m) = m + 8. What is the tens digit of p(9)?
1
Suppose 0*k + 3*z = k - 37, 5*k - 4*z = 163. What is the tens digit of k?
3
Let b(m) = -1 - m + 0 + 0*m + 6. What is the units digit of b(-6)?
1
Let p(h) = -h**2 + 6*h + 3. Let g be p(6). Let a = 10 + -5. Suppose -6 = -3*w - g*j, 0 = -0*w - 4*w - j + a. What is the units digit of w?
1
Let q(v) = v**3 - 7*v**2 + 4*v + 4. Let c be q(6). What is the units digit of -1 - 8/(c/2)?
1
Suppose 2*g - 6*g + 92 = 0. What is the units digit of g?
3
Suppose -64 = -3*i - i. What is the tens digit of i?
1
Suppose 3*r - 4*r = -5. Suppose -2*o = -4*o + 4*n + 48, 2*o - r*n = 51. What is the units digit of o?
8
Let c be 4/6 - (-4)/(-6). Suppose 0*d - 3*d + p - 2 = c, -10 = -4*d - 5*p. Suppose -2*g + d*g = -18. What is the units digit of g?
9
Suppose 0 = -3*p + 290 + 523. What is the hundreds digit of p?
2
Suppose 3*d + 14 = d. Let n = -3 - d. Suppose 2*q - 2 - n = 0. What is the units digit of q?
3
Let v(a) = 1 + 8*a**3 + a - 5*a**2 + 5*a**2. Let h be v(-1). Let q = h + 11. What is the units digit of q?
3
Let j(m) = -m**3 - 11*m**2 + 6*m + 16. What is the units digit of j(-12)?
8
Let i = 40 + -37. What is the units digit of i?
3
What is the units digit of ((-11)/2)/(13/(-26))?
1
Suppose -1 = o - 2*o. Suppose 0 = 4*q + 2*u + 16, u + o = -3. What is the units digit of (3/2)/(q/(-8))?
6
Let l be ((-16)/(-3))/((-10)/(-15)). Suppose 0 = l*d - 7*d - 1. What is the units digit of d?
1
Let u be (-14)/(-35) + (-33)/(-5). Suppose k - 5 = -k + y, -2*k + u = y. Suppose 0 = -q - k*q + 40. What is the tens digit of q?
1
Let l(m) = 4*m + 2. Let h be (-1)/4 - (-68)/16. What is the tens digit of l(h)?
1
Let u = -61 + 99. What is the tens digit of u?
3
Let v be 1 - 2 - (-3 + 1). Suppose h + 8 = 5*h. Suppose -x + h*x = v. What is the units digit of x?
1
Let n be (-1)/4 + 162/8. Suppose -n = -2*f - 6. What is the units digit of f?
7
What is the units digit of 4/12*3 + 38?
9
Let h = 6 - 18. What is the units digit of 42/h*(0 + -2)?
7
Let r(q) be the third derivative of -q**6/120 + q**4/24 + 10*q**3/3 + q**2. What is the units digit of r(0)?
0
Let g(a) = 22*a + 2. Suppose 0 = -3*y - w + 3, 4*y + y + 4*w = 5. What is the tens digit of g(y)?
2
Let y be (-3)/(-9) + (-58)/(-6). Let c = 27 - y. What is the units digit of c?
7
Let i(k) = -k + 7. Let c be i(3). Let z = c - 10. Let b(j) = j**3 + 7*j**2 + 6*j + 9. What is the units digit of b(z)?
9
Let j = -15 - -21. Let w = j - 10. Let p = w - -12. What is the units digit of p?
8
Let m = 5 + 0. What is the units digit of m?
5
Let q(l) = l**3 + 10*l**2 + l + 6. Suppose -2*r = r + 30. Let g be q(r). Let i = 5 + g. What is the units digit of i?
1
Let s be (-3)/9 - 1/(-3). Suppose s = -a - 4*a + 15. Suppose 4*j - a*h - 7 = 0, -j + 6*j - 2*h = 14. What is the units digit of j?
4
What is the units digit of (-14)/49 - (-44)/7?
6
Let h(p) = -14*p - 15. What is the units digit of h(-8)?
7
Let n(v) = 2*v**3 - v + 0*v**3 + 8*v**2 + 10 - 3*v**3 + 10*v. What is the tens digit of n(9)?
1
Let t = -67 - -25. Let f = t - -77. What is the units digit of f?
5
Let a be (8/(-12))/(4/18). What is the tens digit of 2/((-2)/60*a)?
2
Let l be 3/6 + (-23)/(-2). Suppose w - m = 21, l = w + m + m. What is the units digit of w?
8
Let b = 131 - -115. What is the hundreds digit of b?
2
Let r be ((-6)/(-4))/((-6)/16). Let v(k) = -2*k + 2 - 2 - k - 5. What is the units digit of v(r)?
7
Let f = 140 - 46. What is the tens digit of f?
9
Suppose 0 = 3*x + x - 128. What is the tens digit of x?
3
Let m be 370/45 - (-2)/(-9). Suppose r + 4*x - 34 = 0, r - m = 2*x + 26. Let q = r - 24. What is the tens digit of q?
1
Let d = 733 + -518. What is the units digit of d?
5
Let c(v) = -v**3 - 4*v**2 - v + 14. What is the units digit of c(-6)?
2
What is the tens digit of (-6 + 4)/(2/(-41))?
4
What is the tens digit of (-15 - -1)*(-1 - 0)?
1
Let q be 2/(-2) + (-3 - -5). Suppose -w - q = -4. What is the units digit of w?
3
Let h be 10/((-51)/(-45) - 1). Let o = h - 54. What is the tens digit of o?
2
Let v(s) = 6*s + 26. What is the tens digit of v(8)?
7
Suppose 0*o - 2*o + 6 = 0. Suppose 0*m = o*m - 30. Let k = 21 - m. What is the tens digit of k?
1
What is the units digit of (-12)/(-42) - (-47)/7?
7
Let b be (-20)/6 + (-1)/(-3). Let y be 29/4 + b/12. Let d = y - 2. What is the units digit of d?
5
Suppose 0*y - 5*y = -j - 160, 3*j + 64 = 2*y. What is the tens digit of y?
3
Let g be 8*(3 + 5/(-2)). Suppose -23 = -2*b + f, 11 = g*b + 3*f - 10. What is the units digit of b?
9
Let k(t) = -t**3 + 5*t**2 + 6*t + 2. Let c be k(6). Suppose -3*n - g + 32 = 0, 5*n - 3*g = -c*g + 56. What is the tens digit of n?
1
What is the tens digit of 4/(-14) + 1141/49?
2
Suppose 5*p - 1472 = -0*p + 2*n, -2*p = -3*n - 580. What is the units digit of p?
6
Suppose -6*f + 4*f + 170 = 2*p, 5*f - 182 = -2*p. What is the units digit of p?
1
Let r(x) = 2*x + 2. Let u(b) = 2*b**2 + b + 6*b - b**2 + 4. Let i be u(-7). What is the tens digit of r(i)?
1
Suppose -7*j + 1771 = -0*j. What is the tens digit of j?
5
Let x be (-4)/6 + (-2388)/(-18). Suppose -5*h + x = -h. What is the tens digit of h?
3
Suppose -2*o = s - 10, -12 + 4 = 2*s - 3*o. Suppose 4*j - c - 8 = 0, -s*j - 4*c - 1 = -23. What is the units digit of j?
3
Let z = -16 - -17. Suppose 7*s = 6*s + z. What is the units digit of s?
1
Let q(i) = 2*i + 12*i**2 - 4*i + 3*i. What is the tens digit of q(-1)?
1
Suppose -f + 8*f = 1001. What is the tens digit of f?
4
Let z be 1/(2/((-10)/1)). Let i = 6 + z. Suppose 3*f - 1 - i = -2*c, -4*f + 3*c = -14. What is the units digit of f?
2
Let g(m) = 2*m**2 + 11*m - 14. What is the tens digit of g(-9)?
4
What is the tens digit of 76/6*(8 + -5)?
3
Suppose 7*l = 8*l - 87. What is the tens digit of l?
8
Let w(u) = -u**3 + 14*u**2 - 20*u - 4. What is the tens digit of w(11)?
3
Suppose -648 = -5*f - 5*u + 12, 152 = f - 3*u. What is the tens digit of f?
3
Suppose 2*u + 0 - 220 = 0. What is the units digit of u?
0
Let u be 2/((-5)/((-30)/4)). Suppose u*c + c - 68 = 0. What is the tens digit of c?
1
Let a(w) = -2*w**3. What is the units digit of a(-2)?
6
Suppose -2*v + 4 = 0, 4*p - 4*v + 0*v = 8. Suppose f = -p*f + 40. Let w = -6 + f. What is the units digit of w?
2
Let p = -62 - -110. Suppose q + 5*o - p = 0, 3*q + q - 102 = -2*o. What is the units digit of q?
3
Suppose 9*y = 2*y + 77. What is the units digit of y?
1
Let n(v) = -v**2 + 7*v + 5. Let u be n(7). Let p(q) = q**2 - 4*q + 7. What is the tens digit of p(u)?
1
Let i(p) = 41*p**2 - 6*p + 3. What is the hundreds digit of i(2)?
1
Let b = 6 - 2. Suppose -3*m - b*k = -6*k - 76, 0 = -4*k - 20. What is the units digit of m?
2
Let r = -65 + 95. What is the tens digit of r?
3
Suppose -66 = 4*v - 2*v. Let c = v + 16. What is the units digit of c/(-4) - (-1)/(-4)?
4
Let d = 47 + -21. What is the units digit of d?
6
Suppose 0 = 4*l, 3*t + l = -t + 120. What is the units digit of t?
0
Let k(v) = 7*v**2 + 10*v - 13. What is the tens digit of k(-6)?
7
Suppose -23 + 5 = -i. Suppose -y + i = 5*n, 4*n + 5*y - 2 = 25. Suppose 53 = 4*v + n*p, 4*v + p = -0*p + 55. What is the tens digit of v?
1
Let s be ((-2)/4)/(1/2). What